 5*w. Let d = o + 20. Suppose -4*m - x + 133 = 0, d*m + 4*x = 52 + 51. What are the prime factors of m?
3, 11
Let f = -57 - -9. Suppose -153*n + 450 = -159*n. Let w = f - n. List the prime factors of w.
3
Let c = 249 - 24. Let m = c + -62. What are the prime factors of m?
163
Let m(h) = -h**2 + 3*h + 8. Let z be m(4). Let k(w) = 5*w - 7. List the prime factors of k(z).
13
Suppose -3*n + 984 = -3*y, n + 313 = 2*n - 4*y. What are the prime factors of n?
3, 37
Let x(t) = -3*t**3 + 3*t**2 - t + 2. Let i be x(2). List the prime factors of i/10*((-107)/3 + -1).
2, 11
Suppose 4*h = 9*h - 15, h = -2*s + 1021. What are the prime factors of s?
509
Suppose -2*x + 18 + 11 = -3*w, -5*w - 41 = 4*x. Let b(c) be the second derivative of c**4/12 + 5*c**3/6 - 5*c**2 + c. What are the prime factors of b(w)?
2, 13
Let u = 190 - 132. Suppose -u = -2*k + 56. List the prime factors of k.
3, 19
List the prime factors of 2 - ((-12)/(-15))/(42/(-35175)).
2, 3, 7
Suppose -22*o = -23*o + 831. List the prime factors of (-4)/16 + o/12.
3, 23
Let p(c) = -3*c**2 - 7*c - 18. Let q be p(-8). Let j = 285 + q. What are the prime factors of j?
131
Let w(x) = -2*x - 67 - 9*x**2 + 75 + x**3 - 2*x. What are the prime factors of w(10)?
2, 17
Let t be (-1)/3 - 2/3. Let s(x) be the third derivative of 17*x**5/60 - 5*x**2. List the prime factors of s(t).
17
Let j = 545 - 147. What are the prime factors of j?
2, 199
Let p be (8/(-10))/((-52)/(-1950)). What are the prime factors of (-3957)/(-21) + p/70?
2, 47
Let f(g) = -3*g - 2. Let q be f(-1). What are the prime factors of 3 + 1 - q - -1?
2
Let r = -78 - -126. List the prime factors of (r/30)/(4/530) - -3.
5, 43
Suppose 6*a - 29 = -47. What are the prime factors of ((-12)/4)/a*262?
2, 131
What are the prime factors of (4 + 8 + 1637)/1?
17, 97
Let i be 25 + (1 - 2) + -3. Let y be 984/i - (-2)/14. Let v = y - 18. What are the prime factors of v?
29
Let y = 3491 + -907. List the prime factors of y.
2, 17, 19
List the prime factors of (12186/8)/1 - (-1)/(-4).
1523
Suppose 12165 - 703 = 11*t. List the prime factors of t.
2, 521
Let t = 17 + 119. List the prime factors of t.
2, 17
Let g(f) = 59*f - 164. What are the prime factors of g(15)?
7, 103
List the prime factors of (-83188)/(-16) + 46/8 + -5.
2, 5, 13
Let a = 139 - 88. Let t = a - 4. List the prime factors of t.
47
Let v(m) = -1. Suppose -6*i + 12*i = 72. Let n(w) = 2*w - 14. Let j(y) = i*v(y) - n(y). What are the prime factors of j(-2)?
2, 3
Let b(k) = 54*k**2 + 4*k - 11. Let w be b(3). Suppose 5*f - 148 = w. List the prime factors of f.
127
Let f(n) be the third derivative of -5*n**2 + 1/60*n**5 + 1/3*n**4 + 0 + 5/3*n**3 + 0*n. List the prime factors of f(-8).
2, 5
Let y be 5*(-2 + (-42)/(-15)). What are the prime factors of -2*(y - (-2 - -4))*-7?
2, 7
Suppose -7*g = -8*g + 334. Suppose 2*o = 5*b - g, 6*b - o = 3*b + 200. List the prime factors of b.
2, 3, 11
Suppose -j + 15 = 4*j. Suppose -5*z + 14 = -b, b - j = -2*b. Suppose 5*h - 14 = z*h. What are the prime factors of h?
7
Suppose 9093 = 3*f - 5226. What are the prime factors of f?
3, 37, 43
Let z = 32 + -40. Let a(l) = -3 - 5*l + 2*l + 0*l. List the prime factors of a(z).
3, 7
Let g be -4*(21/6)/(-7). Let k(o) = -o - 2*o**g - 2 + 6*o**2 + 2. What are the prime factors of k(-2)?
2, 3
Let p be 0*(-3)/(-6) + -21. Let t = p + 91. Let g = -32 + t. What are the prime factors of g?
2, 19
Let g = -2 + 4. Suppose 7*x - g*x - 17 = -h, 4*h + 2*x - 14 = 0. Suppose -h*s + 94 = -34. List the prime factors of s.
2
Let w(a) = 4*a**2 + 4. Suppose 0 = h - 13 + 11. List the prime factors of w(h).
2, 5
Suppose 2*i + 0 + 0 = 0. Suppose -5*m + 6*m - 235 = i. What are the prime factors of m?
5, 47
Let u(h) = 363*h - 26. What are the prime factors of u(1)?
337
Suppose -4*b - 14 = 2*c - 5*c, c - 10 = 4*b. Let v(s) = -s**3 - 1. Let n be v(b). Suppose 12*a = n*a + 30. What are the prime factors of a?
2, 3
Suppose -125*b = -127*b + 9102. What are the prime factors of b?
3, 37, 41
Let p = 496 + -81. What are the prime factors of p?
5, 83
Suppose -t - 3*t + 4973 = -3*c, 3*t + c - 3746 = 0. List the prime factors of t.
29, 43
Let o = 7607 + -1679. List the prime factors of o.
2, 3, 13, 19
Let b = -3305 - -5605. List the prime factors of b.
2, 5, 23
Suppose 4*h + 2119 = 5*r, -2139 = -5*r + 5*h - 6*h. List the prime factors of r.
7, 61
Suppose 0 = -2*j - 0*j - l + 49, -3*l - 93 = -4*j. Suppose -4*c + 36 = -j. List the prime factors of c.
3, 5
Suppose -4*v + 16581 = -11*m + 14*m, 16584 = 4*v + 4*m. What are the prime factors of v?
3, 1381
Let r(d) = d**2 + 3. Let g be r(0). Suppose 2*x - 367 = 3*z, -g*x + 719 = x - 3*z. What are the prime factors of x?
2, 11
Let n(q) = q**2 + 16*q - 4. Suppose 9*g = 8*g - 18. What are the prime factors of n(g)?
2
Suppose 2*p + 4*f - 220 = 0, 4*f - 20 = -4. Suppose 2*a + p = 4*a. What are the prime factors of a?
3, 17
Let i be ((-3)/(-5))/(1/5). Suppose i*d + 189 = 4*n, 5*d + 12 = d. What are the prime factors of n?
3, 5
Suppose 2*z + 21 = -11. Let s(b) = -12*b. List the prime factors of s(z).
2, 3
Let m be (-2)/5 - 64/(-10). Let c be (0 - 12)/(m + -7). List the prime factors of ((-351)/c)/(6/(-16)).
2, 3, 13
Suppose 4*y - 5*z + 116 = 301, -4*z + 41 = y. List the prime factors of y.
3, 5
What are the prime factors of -1 + 6 - 470/(-2)?
2, 3, 5
Let q = 8 - -26. Let n = q - 21. Suppose 0 = 4*a + n - 105. List the prime factors of a.
23
Suppose 0 = -13*g + 2582 + 2189. List the prime factors of g.
367
Let l(w) = 5*w. Let n(i) = -4*i. Let q(j) = 5*l(j) + 6*n(j). Let g be q(5). List the prime factors of 16/10 - (-2)/g.
2
Suppose -5*o + 700 = -12*o. Let w = 117 + o. List the prime factors of w.
17
Suppose 162*s - 178*s + 24976 = 0. List the prime factors of s.
7, 223
Suppose m = -2*k + 3*m + 368, -m - 546 = -3*k. Let v = k + -69. What are the prime factors of v?
2, 7
Let h = -1279 - -5843. What are the prime factors of h?
2, 7, 163
Let n = 249 + -280. Let z(t) = -2*t**3 + 3*t**2 + 3*t + 3. Let c be z(-3). Let r = n + c. List the prime factors of r.
2, 11
Suppose -133 - 17 = -y. Let x be (-1)/(4 - 603/y). Suppose -3*t = -x + 2. List the prime factors of t.
2
Let s(n) = -n**3 + 6*n**2 + 5*n - 7. Let h be s(7). Let m = h + 88. Suppose 5*c = 3*f + m, -3*c + 6 = -c + 4*f. What are the prime factors of c?
11
Let u be (-8 - -3) + 1 + 6. Let z be 4 - ((1 - u) + 13). Let n(y) = y + 27. What are the prime factors of n(z)?
19
Let r be ((-33)/(-5))/((-7)/(-35)). Let x = r - -1. List the prime factors of x.
2, 17
Let z be 4/(-8) + (3370/4 - 2). Suppose p + 6*p - z = 0. What are the prime factors of p?
2, 3, 5
Let w = -83 + 74. Let t = 209 + w. List the prime factors of t.
2, 5
Let g = -3336 - -4833. List the prime factors of g.
3, 499
Let j = 62 - 49. What are the prime factors of j?
13
Let b(f) = -33*f + 2. Suppose -a = 2*j - 8, -4*a + 3 - 1 = 2*j. Suppose g - t + 9 = -j*t, 0 = g - t - 1. List the prime factors of b(g).
5, 7
Let g(m) = -22*m**3 + 2*m**2 + 2*m + 1. Let r be g(-1). Let t = r - 17. What are the prime factors of -4 + t + (17 - -3)?
2, 11
Let s be (-23)/161 - 30/(-14). List the prime factors of 56/s + 5 + -9.
2, 3
Let o(w) = -w**2 - 1. Let z(i) = -4*i**2 - 2*i - 4. Let s(q) = -5*o(q) + z(q). Let k be (-11)/(231/12)*-7. List the prime factors of s(k).
3
Let g be (-1)/(-7) - (-102)/21. Suppose -8 = 2*h, 3*j + 2*h - g*h = 567. What are the prime factors of j?
5, 37
List the prime factors of (26 + -1438)*3/(-4).
3, 353
Let g = 475 + -233. What are the prime factors of g?
2, 11
List the prime factors of ((-471)/30*-6)/((-12)/(-60)).
3, 157
Suppose -4*y - 4*g = y + 147, -3*y + 5*g - 66 = 0. Let i = y - -46. Suppose -u = -2*v + 7, -2*v = 2*u + u - i. List the prime factors of u.
3
Suppose 84*l - 3*v = 89*l - 13821, 0 = 2*l - v - 5535. What are the prime factors of l?
2, 3, 461
Let c(l) = -l**3 - 5*l**2 + l + 4. Let b be c(-5). Let q be -2*b/((-3)/(-6)). Suppose -i = q*i - 130. What are the prime factors of i?
2, 13
Suppose -10 = 5*q - 2*m, -2*q + 15 = 3*m - 0. Suppose -516 = -q*h - 3*h. What are the prime factors of h?
2, 43
Suppose -4*a + 140 = 4*i, 2*a - 4*a + i = -58. Suppose -3*z = 4*m - 37, -3*z + a = -0*z - 2*m. List the prime factors of z.
11
Let o(q) = -32*q + 60*q + q**2 - 7*q**3 - 3 - 31*q. Let h be (-1)/(2*(-3)/(-12)). List th